{"id":16668,"date":"2021-01-23T18:10:16","date_gmt":"2021-01-23T21:10:16","guid":{"rendered":"https:\/\/www.idis.org.br\/?page_id=16668"},"modified":"2021-11-05T08:20:20","modified_gmt":"2021-11-05T11:20:20","slug":"social-impact-projects","status":"publish","type":"page","link":"https:\/\/hmg.idis.org.br\/ingles\/social-impact-projects\/","title":{"rendered":"Social Impact Projects"},"content":{"rendered":"<p><img loading=\"lazy\" decoding=\"async\" class=\"wp-image-18398 size-full aligncenter\" src=\"https:\/\/www.idis.org.br\/wp-content\/uploads\/2021\/04\/thumb-flash.jpg\" alt=\"\" width=\"127\" height=\"140\" \/><\/p>\n<p>The social impact philanthropy ecosystem and that of the giving culture is composed by innumerous acting parties, with actions focused on the resolution of specific problems. At IDIS, we design and implement projects that strengthen this ecosystem, inspire action, stimulate dialogue, influence public policies and produce direct impacts on priority issues for the reduction of inequality.<\/p>\n<p>Learn more about our active projects and how to get involved.<\/p>\n<p>&nbsp;<\/p>\n\n\t\t<style type=\"text\/css\">\n\t\t\t#gallery-1 {\n\t\t\t\tmargin: auto;\n\t\t\t}\n\t\t\t#gallery-1 .gallery-item {\n\t\t\t\tfloat: left;\n\t\t\t\tmargin-top: 10px;\n\t\t\t\ttext-align: center;\n\t\t\t\twidth: 20%;\n\t\t\t}\n\t\t\t#gallery-1 img {\n\t\t\t\tborder: 2px solid #cfcfcf;\n\t\t\t}\n\t\t\t#gallery-1 .gallery-caption {\n\t\t\t\tmargin-left: 0;\n\t\t\t}\n\t\t\t\/* see gallery_shortcode() in wp-includes\/media.php *\/\n\t\t<\/style>\n\t\t<div id='gallery-1' class='gallery galleryid-16668 gallery-columns-5 gallery-size-full'><dl class='gallery-item'>\n\t\t\t<dt class='gallery-icon landscape'>\n\t\t\t\t<img loading=\"lazy\" decoding=\"async\" width=\"279\" height=\"279\" src=\"https:\/\/hmg.idis.org.br\/ingles\/wp-content\/uploads\/sites\/4\/2021\/11\/bola-fundos-1.jpg\" class=\"attachment-full size-full\" alt=\"\" srcset=\"https:\/\/hmg.idis.org.br\/ingles\/wp-content\/uploads\/sites\/4\/2021\/11\/bola-fundos-1.jpg 279w, https:\/\/hmg.idis.org.br\/ingles\/wp-content\/uploads\/sites\/4\/2021\/11\/bola-fundos-1-150x150.jpg 150w\" sizes=\"(max-width: 279px) 100vw, 279px\" \/>\n\t\t\t<\/dt><\/dl><dl class='gallery-item'>\n\t\t\t<dt class='gallery-icon landscape'>\n\t\t\t\t<img loading=\"lazy\" decoding=\"async\" width=\"279\" height=\"279\" src=\"https:\/\/hmg.idis.org.br\/ingles\/wp-content\/uploads\/sites\/4\/2021\/11\/bola-transformando-1.png\" class=\"attachment-full size-full\" alt=\"\" srcset=\"https:\/\/hmg.idis.org.br\/ingles\/wp-content\/uploads\/sites\/4\/2021\/11\/bola-transformando-1.png 279w, https:\/\/hmg.idis.org.br\/ingles\/wp-content\/uploads\/sites\/4\/2021\/11\/bola-transformando-1-150x150.png 150w\" sizes=\"(max-width: 279px) 100vw, 279px\" \/>\n\t\t\t<\/dt><\/dl><dl class='gallery-item'>\n\t\t\t<dt class='gallery-icon landscape'>\n\t\t\t\t<img loading=\"lazy\" decoding=\"async\" width=\"279\" height=\"279\" src=\"https:\/\/hmg.idis.org.br\/ingles\/wp-content\/uploads\/sites\/4\/2021\/11\/bola-redes-1.png\" class=\"attachment-full size-full\" alt=\"\" srcset=\"https:\/\/hmg.idis.org.br\/ingles\/wp-content\/uploads\/sites\/4\/2021\/11\/bola-redes-1.png 279w, https:\/\/hmg.idis.org.br\/ingles\/wp-content\/uploads\/sites\/4\/2021\/11\/bola-redes-1-150x150.png 150w\" sizes=\"(max-width: 279px) 100vw, 279px\" \/>\n\t\t\t<\/dt><\/dl><dl class='gallery-item'>\n\t\t\t<dt class='gallery-icon landscape'>\n\t\t\t\t<img loading=\"lazy\" decoding=\"async\" width=\"279\" height=\"279\" src=\"https:\/\/hmg.idis.org.br\/ingles\/wp-content\/uploads\/sites\/4\/2021\/11\/bola-dialogos-1.jpg\" class=\"attachment-full size-full\" alt=\"\" srcset=\"https:\/\/hmg.idis.org.br\/ingles\/wp-content\/uploads\/sites\/4\/2021\/11\/bola-dialogos-1.jpg 279w, https:\/\/hmg.idis.org.br\/ingles\/wp-content\/uploads\/sites\/4\/2021\/11\/bola-dialogos-1-150x150.jpg 150w\" sizes=\"(max-width: 279px) 100vw, 279px\" \/>\n\t\t\t<\/dt><\/dl><dl class='gallery-item'>\n\t\t\t<dt class='gallery-icon landscape'>\n\t\t\t\t<img loading=\"lazy\" decoding=\"async\" width=\"279\" height=\"279\" src=\"https:\/\/hmg.idis.org.br\/ingles\/wp-content\/uploads\/sites\/4\/2021\/11\/bola-engajamento-1.jpg\" class=\"attachment-full size-full\" alt=\"\" srcset=\"https:\/\/hmg.idis.org.br\/ingles\/wp-content\/uploads\/sites\/4\/2021\/11\/bola-engajamento-1.jpg 279w, https:\/\/hmg.idis.org.br\/ingles\/wp-content\/uploads\/sites\/4\/2021\/11\/bola-engajamento-1-150x150.jpg 150w\" sizes=\"(max-width: 279px) 100vw, 279px\" \/>\n\t\t\t<\/dt><\/dl><br style=\"clear: both\" \/>\n\t\t<\/div>\n\n<p>&nbsp;<\/p>\n<p>Learn more about other impact projects that IDIS has <a href=\"\/cases\">developed in the past<\/a>.<\/p>\n","protected":false},"excerpt":{"rendered":"<p>The social impact philanthropy ecosystem and that of the giving culture is composed by innumerous acting parties, with actions focused on the resolution of specific problems. At IDIS, we design and implement projects that strengthen this ecosystem, inspire action, stimulate &hellip; <a href=\"https:\/\/hmg.idis.org.br\/ingles\/social-impact-projects\/\">Continue lendo <span class=\"meta-nav\">&rarr;<\/span><\/a><\/p>\n","protected":false},"author":1,"featured_media":0,"parent":0,"menu_order":0,"comment_status":"closed","ping_status":"closed","template":"","meta":{"_acf_changed":false,"footnotes":""},"acf":[],"yoast_head":"<!-- This site is optimized with the Yoast SEO plugin v16.8 - https:\/\/yoast.com\/wordpress\/plugins\/seo\/ -->\n<meta name=\"description\" content=\"Conhe\u00e7a e inspire-se pelos projetos de impacto desenvolvidos pelo IDIS nas \u00e1reas de filantropia, investimento social, cultura de doa\u00e7\u00e3o, fundos patrimoniais e mais!\" \/>\n<meta name=\"robots\" content=\"index, follow, max-snippet:-1, max-image-preview:large, max-video-preview:-1\" \/>\n<link rel=\"canonical\" href=\"https:\/\/hmg.idis.org.br\/ingles\/social-impact-projects\/\" \/>\n<meta property=\"og:locale\" content=\"pt_BR\" \/>\n<meta property=\"og:type\" content=\"article\" \/>\n<meta property=\"og:title\" content=\"Projetos de Impacto -\" \/>\n<meta property=\"og:description\" content=\"Conhe\u00e7a e inspire-se pelos projetos de impacto desenvolvidos pelo IDIS nas \u00e1reas de filantropia, investimento social, cultura de doa\u00e7\u00e3o, fundos patrimoniais e mais!\" \/>\n<meta property=\"og:url\" content=\"https:\/\/hmg.idis.org.br\/ingles\/social-impact-projects\/\" \/>\n<meta property=\"og:site_name\" content=\"IDIS EN\" \/>\n<meta property=\"article:modified_time\" content=\"2021-11-05T11:20:20+00:00\" \/>\n<meta property=\"og:image\" content=\"https:\/\/hmg.idis.org.br\/ingles\/wp-content\/uploads\/sites\/4\/2021\/11\/bola-fundos-1.jpg\" \/>\n<meta name=\"twitter:card\" content=\"summary_large_image\" \/>\n<meta name=\"twitter:label1\" content=\"Est. tempo de leitura\" \/>\n\t<meta name=\"twitter:data1\" content=\"1 minuto\" \/>\n<script type=\"application\/ld+json\" class=\"yoast-schema-graph\">{\"@context\":\"https:\/\/schema.org\",\"@graph\":[{\"@type\":\"WebSite\",\"@id\":\"https:\/\/hmg.idis.org.br\/ingles\/#website\",\"url\":\"https:\/\/hmg.idis.org.br\/ingles\/\",\"name\":\"IDIS EN\",\"description\":\"\",\"potentialAction\":[{\"@type\":\"SearchAction\",\"target\":{\"@type\":\"EntryPoint\",\"urlTemplate\":\"https:\/\/hmg.idis.org.br\/ingles\/?s={search_term_string}\"},\"query-input\":\"required name=search_term_string\"}],\"inLanguage\":\"pt-BR\"},{\"@type\":\"ImageObject\",\"@id\":\"https:\/\/hmg.idis.org.br\/ingles\/social-impact-projects\/#primaryimage\",\"inLanguage\":\"pt-BR\",\"url\":\"https:\/\/www.idis.org.br\/wp-content\/uploads\/2021\/04\/thumb-flash.jpg\",\"contentUrl\":\"https:\/\/www.idis.org.br\/wp-content\/uploads\/2021\/04\/thumb-flash.jpg\"},{\"@type\":\"WebPage\",\"@id\":\"https:\/\/hmg.idis.org.br\/ingles\/social-impact-projects\/#webpage\",\"url\":\"https:\/\/hmg.idis.org.br\/ingles\/social-impact-projects\/\",\"name\":\"Projetos de Impacto -\",\"isPartOf\":{\"@id\":\"https:\/\/hmg.idis.org.br\/ingles\/#website\"},\"primaryImageOfPage\":{\"@id\":\"https:\/\/hmg.idis.org.br\/ingles\/social-impact-projects\/#primaryimage\"},\"datePublished\":\"2021-01-23T21:10:16+00:00\",\"dateModified\":\"2021-11-05T11:20:20+00:00\",\"description\":\"Conhe\\u00e7a e inspire-se pelos projetos de impacto desenvolvidos pelo IDIS nas \\u00e1reas de filantropia, investimento social, cultura de doa\\u00e7\\u00e3o, fundos patrimoniais e mais!\",\"breadcrumb\":{\"@id\":\"https:\/\/hmg.idis.org.br\/ingles\/social-impact-projects\/#breadcrumb\"},\"inLanguage\":\"pt-BR\",\"potentialAction\":[{\"@type\":\"ReadAction\",\"target\":[\"https:\/\/hmg.idis.org.br\/ingles\/social-impact-projects\/\"]}]},{\"@type\":\"BreadcrumbList\",\"@id\":\"https:\/\/hmg.idis.org.br\/ingles\/social-impact-projects\/#breadcrumb\",\"itemListElement\":[{\"@type\":\"ListItem\",\"position\":1,\"name\":\"In\\u00edcio\",\"item\":\"https:\/\/hmg.idis.org.br\/ingles\/\"},{\"@type\":\"ListItem\",\"position\":2,\"name\":\"Social Impact Projects\"}]}]}<\/script>\n<!-- \/ Yoast SEO plugin. -->","yoast_head_json":{"description":"Conhe\u00e7a e inspire-se pelos projetos de impacto desenvolvidos pelo IDIS nas \u00e1reas de filantropia, investimento social, cultura de doa\u00e7\u00e3o, fundos patrimoniais e mais!","robots":{"index":"index","follow":"follow","max-snippet":"max-snippet:-1","max-image-preview":"max-image-preview:large","max-video-preview":"max-video-preview:-1"},"canonical":"https:\/\/hmg.idis.org.br\/ingles\/social-impact-projects\/","og_locale":"pt_BR","og_type":"article","og_title":"Projetos de Impacto -","og_description":"Conhe\u00e7a e inspire-se pelos projetos de impacto desenvolvidos pelo IDIS nas \u00e1reas de filantropia, investimento social, cultura de doa\u00e7\u00e3o, fundos patrimoniais e mais!","og_url":"https:\/\/hmg.idis.org.br\/ingles\/social-impact-projects\/","og_site_name":"IDIS EN","article_modified_time":"2021-11-05T11:20:20+00:00","og_image":[{"url":"https:\/\/hmg.idis.org.br\/ingles\/wp-content\/uploads\/sites\/4\/2021\/11\/bola-fundos-1.jpg"}],"twitter_card":"summary_large_image","twitter_misc":{"Est. tempo de leitura":"1 minuto"},"schema":{"@context":"https:\/\/schema.org","@graph":[{"@type":"WebSite","@id":"https:\/\/hmg.idis.org.br\/ingles\/#website","url":"https:\/\/hmg.idis.org.br\/ingles\/","name":"IDIS EN","description":"","potentialAction":[{"@type":"SearchAction","target":{"@type":"EntryPoint","urlTemplate":"https:\/\/hmg.idis.org.br\/ingles\/?s={search_term_string}"},"query-input":"required name=search_term_string"}],"inLanguage":"pt-BR"},{"@type":"ImageObject","@id":"https:\/\/hmg.idis.org.br\/ingles\/social-impact-projects\/#primaryimage","inLanguage":"pt-BR","url":"https:\/\/www.idis.org.br\/wp-content\/uploads\/2021\/04\/thumb-flash.jpg","contentUrl":"https:\/\/www.idis.org.br\/wp-content\/uploads\/2021\/04\/thumb-flash.jpg"},{"@type":"WebPage","@id":"https:\/\/hmg.idis.org.br\/ingles\/social-impact-projects\/#webpage","url":"https:\/\/hmg.idis.org.br\/ingles\/social-impact-projects\/","name":"Projetos de Impacto -","isPartOf":{"@id":"https:\/\/hmg.idis.org.br\/ingles\/#website"},"primaryImageOfPage":{"@id":"https:\/\/hmg.idis.org.br\/ingles\/social-impact-projects\/#primaryimage"},"datePublished":"2021-01-23T21:10:16+00:00","dateModified":"2021-11-05T11:20:20+00:00","description":"Conhe\u00e7a e inspire-se pelos projetos de impacto desenvolvidos pelo IDIS nas \u00e1reas de filantropia, investimento social, cultura de doa\u00e7\u00e3o, fundos patrimoniais e mais!","breadcrumb":{"@id":"https:\/\/hmg.idis.org.br\/ingles\/social-impact-projects\/#breadcrumb"},"inLanguage":"pt-BR","potentialAction":[{"@type":"ReadAction","target":["https:\/\/hmg.idis.org.br\/ingles\/social-impact-projects\/"]}]},{"@type":"BreadcrumbList","@id":"https:\/\/hmg.idis.org.br\/ingles\/social-impact-projects\/#breadcrumb","itemListElement":[{"@type":"ListItem","position":1,"name":"In\u00edcio","item":"https:\/\/hmg.idis.org.br\/ingles\/"},{"@type":"ListItem","position":2,"name":"Social Impact Projects"}]}]}},"wps_subtitle":"","_links":{"self":[{"href":"https:\/\/hmg.idis.org.br\/ingles\/wp-json\/wp\/v2\/pages\/16668"}],"collection":[{"href":"https:\/\/hmg.idis.org.br\/ingles\/wp-json\/wp\/v2\/pages"}],"about":[{"href":"https:\/\/hmg.idis.org.br\/ingles\/wp-json\/wp\/v2\/types\/page"}],"author":[{"embeddable":true,"href":"https:\/\/hmg.idis.org.br\/ingles\/wp-json\/wp\/v2\/users\/1"}],"replies":[{"embeddable":true,"href":"https:\/\/hmg.idis.org.br\/ingles\/wp-json\/wp\/v2\/comments?post=16668"}],"version-history":[{"count":4,"href":"https:\/\/hmg.idis.org.br\/ingles\/wp-json\/wp\/v2\/pages\/16668\/revisions"}],"predecessor-version":[{"id":21290,"href":"https:\/\/hmg.idis.org.br\/ingles\/wp-json\/wp\/v2\/pages\/16668\/revisions\/21290"}],"wp:attachment":[{"href":"https:\/\/hmg.idis.org.br\/ingles\/wp-json\/wp\/v2\/media?parent=16668"}],"curies":[{"name":"wp","href":"https:\/\/api.w.org\/{rel}","templated":true}]}}