{"id":17663,"date":"2021-03-19T12:30:30","date_gmt":"2021-03-19T15:30:30","guid":{"rendered":"https:\/\/www.idis.org.br\/?page_id=17663"},"modified":"2021-11-05T07:47:14","modified_gmt":"2021-11-05T10:47:14","slug":"endowments","status":"publish","type":"page","link":"https:\/\/hmg.idis.org.br\/ingles\/social-impact-projects\/endowments\/","title":{"rendered":"Endowments"},"content":{"rendered":"<p>Endowment Funds are created to receive donations destined to support causes or specific organizations. In general, the resources received stay in the fund, in financial investments, and only the earnings are periodically withdrawn to fund the operation or growth of social, educational, health, environmental, cultural organizations and other public interest causes \u2013 partially or wholly. <\/p>\n<p>This is an important mechanism for the preservation of the donation, and guarantees resources will be available in the long run for public interest causes. <\/p>\n<p>For decades endowment have been a mechanism that are increasingly used and successful for the mobilization of philanthropic resources in many countries. In Brazil, IDIS leads an advocacy initiative, working in network to promote the development of endowment funds. <a href=\"https:\/\/www.idis.org.br\/coalizao\/\" rel=\"noopener\" target=\"_blank\">The Brazilian Endowment Coalition<\/a> is a multisectoral group composed by over 70 members, among organizations, companies and people who support the regulation of endowment funds in the country. In January 2019, the group accomplished precisely that through Law 13,800\/2019, known as the Endowment Fund Law, but we still seek the deepening of more specific matters. <\/p>\n","protected":false},"excerpt":{"rendered":"<p>Endowment Funds are created to receive donations destined to support causes or specific organizations. In general, the resources received stay in the fund, in financial investments, and only the earnings are periodically withdrawn to fund the operation or growth of &hellip; <a href=\"https:\/\/hmg.idis.org.br\/ingles\/social-impact-projects\/endowments\/\">Continue lendo <span class=\"meta-nav\">&rarr;<\/span><\/a><\/p>\n","protected":false},"author":1,"featured_media":21273,"parent":16668,"menu_order":0,"comment_status":"closed","ping_status":"closed","template":"page-modelo-projetos.php","meta":{"_acf_changed":false,"footnotes":""},"acf":[],"yoast_head":"<!-- This site is optimized with the Yoast SEO plugin v16.8 - https:\/\/yoast.com\/wordpress\/plugins\/seo\/ -->\n<meta name=\"description\" content=\"Fundos Patrimoniais Filantr\u00f3picos ou Endownment Funds s\u00e3o criados para receber doa\u00e7\u00f5es destinadas a sustentar causas ou organiza\u00e7\u00f5es espec\u00edficas. Saiba mais!\" \/>\n<meta name=\"robots\" content=\"index, follow, max-snippet:-1, max-image-preview:large, max-video-preview:-1\" \/>\n<link rel=\"canonical\" href=\"https:\/\/hmg.idis.org.br\/ingles\/social-impact-projects\/endowments\/\" \/>\n<meta property=\"og:locale\" content=\"pt_BR\" \/>\n<meta property=\"og:type\" content=\"article\" \/>\n<meta property=\"og:title\" content=\"Fundos Patrimoniais Filantr\u00f3picos -\" \/>\n<meta property=\"og:description\" content=\"Fundos Patrimoniais Filantr\u00f3picos ou Endownment Funds s\u00e3o criados para receber doa\u00e7\u00f5es destinadas a sustentar causas ou organiza\u00e7\u00f5es espec\u00edficas. Saiba mais!\" \/>\n<meta property=\"og:url\" content=\"https:\/\/hmg.idis.org.br\/ingles\/social-impact-projects\/endowments\/\" \/>\n<meta property=\"og:site_name\" content=\"IDIS EN\" \/>\n<meta property=\"article:modified_time\" content=\"2021-11-05T10:47:14+00:00\" \/>\n<meta property=\"og:image\" content=\"https:\/\/hmg.idis.org.br\/ingles\/wp-content\/uploads\/sites\/4\/2021\/11\/P_FOTO-ANDRE-TELLES-7777-BNDES-FUNDO-PATRIMONIAIS-LANC-LIVRO-13-FEV-2020-2048x1011-1.jpg\" \/>\n\t<meta property=\"og:image:width\" content=\"2048\" \/>\n\t<meta property=\"og:image:height\" content=\"1011\" \/>\n<meta name=\"twitter:card\" content=\"summary_large_image\" \/>\n<meta name=\"twitter:label1\" content=\"Est. tempo de leitura\" \/>\n\t<meta name=\"twitter:data1\" content=\"2 minutos\" \/>\n<script type=\"application\/ld+json\" class=\"yoast-schema-graph\">{\"@context\":\"https:\/\/schema.org\",\"@graph\":[{\"@type\":\"WebSite\",\"@id\":\"https:\/\/hmg.idis.org.br\/ingles\/#website\",\"url\":\"https:\/\/hmg.idis.org.br\/ingles\/\",\"name\":\"IDIS EN\",\"description\":\"\",\"potentialAction\":[{\"@type\":\"SearchAction\",\"target\":{\"@type\":\"EntryPoint\",\"urlTemplate\":\"https:\/\/hmg.idis.org.br\/ingles\/?s={search_term_string}\"},\"query-input\":\"required name=search_term_string\"}],\"inLanguage\":\"pt-BR\"},{\"@type\":\"ImageObject\",\"@id\":\"https:\/\/hmg.idis.org.br\/ingles\/social-impact-projects\/endowments\/#primaryimage\",\"inLanguage\":\"pt-BR\",\"url\":\"https:\/\/hmg.idis.org.br\/ingles\/wp-content\/uploads\/sites\/4\/2021\/11\/P_FOTO-ANDRE-TELLES-7777-BNDES-FUNDO-PATRIMONIAIS-LANC-LIVRO-13-FEV-2020-2048x1011-1.jpg\",\"contentUrl\":\"https:\/\/hmg.idis.org.br\/ingles\/wp-content\/uploads\/sites\/4\/2021\/11\/P_FOTO-ANDRE-TELLES-7777-BNDES-FUNDO-PATRIMONIAIS-LANC-LIVRO-13-FEV-2020-2048x1011-1.jpg\",\"width\":2048,\"height\":1011},{\"@type\":\"WebPage\",\"@id\":\"https:\/\/hmg.idis.org.br\/ingles\/social-impact-projects\/endowments\/#webpage\",\"url\":\"https:\/\/hmg.idis.org.br\/ingles\/social-impact-projects\/endowments\/\",\"name\":\"Fundos Patrimoniais Filantr\\u00f3picos -\",\"isPartOf\":{\"@id\":\"https:\/\/hmg.idis.org.br\/ingles\/#website\"},\"primaryImageOfPage\":{\"@id\":\"https:\/\/hmg.idis.org.br\/ingles\/social-impact-projects\/endowments\/#primaryimage\"},\"datePublished\":\"2021-03-19T15:30:30+00:00\",\"dateModified\":\"2021-11-05T10:47:14+00:00\",\"description\":\"Fundos Patrimoniais Filantr\\u00f3picos ou Endownment Funds s\\u00e3o criados para receber doa\\u00e7\\u00f5es destinadas a sustentar causas ou organiza\\u00e7\\u00f5es espec\\u00edficas. Saiba mais!\",\"breadcrumb\":{\"@id\":\"https:\/\/hmg.idis.org.br\/ingles\/social-impact-projects\/endowments\/#breadcrumb\"},\"inLanguage\":\"pt-BR\",\"potentialAction\":[{\"@type\":\"ReadAction\",\"target\":[\"https:\/\/hmg.idis.org.br\/ingles\/social-impact-projects\/endowments\/\"]}]},{\"@type\":\"BreadcrumbList\",\"@id\":\"https:\/\/hmg.idis.org.br\/ingles\/social-impact-projects\/endowments\/#breadcrumb\",\"itemListElement\":[{\"@type\":\"ListItem\",\"position\":1,\"name\":\"In\\u00edcio\",\"item\":\"https:\/\/hmg.idis.org.br\/ingles\/\"},{\"@type\":\"ListItem\",\"position\":2,\"name\":\"Social Impact Projects\",\"item\":\"https:\/\/hmg.idis.org.br\/ingles\/social-impact-projects\/\"},{\"@type\":\"ListItem\",\"position\":3,\"name\":\"Endowments\"}]}]}<\/script>\n<!-- \/ Yoast SEO plugin. -->","yoast_head_json":{"description":"Fundos Patrimoniais Filantr\u00f3picos ou Endownment Funds s\u00e3o criados para receber doa\u00e7\u00f5es destinadas a sustentar causas ou organiza\u00e7\u00f5es espec\u00edficas. Saiba mais!","robots":{"index":"index","follow":"follow","max-snippet":"max-snippet:-1","max-image-preview":"max-image-preview:large","max-video-preview":"max-video-preview:-1"},"canonical":"https:\/\/hmg.idis.org.br\/ingles\/social-impact-projects\/endowments\/","og_locale":"pt_BR","og_type":"article","og_title":"Fundos Patrimoniais Filantr\u00f3picos -","og_description":"Fundos Patrimoniais Filantr\u00f3picos ou Endownment Funds s\u00e3o criados para receber doa\u00e7\u00f5es destinadas a sustentar causas ou organiza\u00e7\u00f5es espec\u00edficas. Saiba mais!","og_url":"https:\/\/hmg.idis.org.br\/ingles\/social-impact-projects\/endowments\/","og_site_name":"IDIS EN","article_modified_time":"2021-11-05T10:47:14+00:00","og_image":[{"width":2048,"height":1011,"url":"https:\/\/hmg.idis.org.br\/ingles\/wp-content\/uploads\/sites\/4\/2021\/11\/P_FOTO-ANDRE-TELLES-7777-BNDES-FUNDO-PATRIMONIAIS-LANC-LIVRO-13-FEV-2020-2048x1011-1.jpg","path":"\/var\/www\/hmg.idis.org.br\/wp-content\/uploads\/sites\/4\/2021\/11\/P_FOTO-ANDRE-TELLES-7777-BNDES-FUNDO-PATRIMONIAIS-LANC-LIVRO-13-FEV-2020-2048x1011-1.jpg","size":"full","id":21273,"alt":"","pixels":2070528,"type":"image\/jpeg"}],"twitter_card":"summary_large_image","twitter_misc":{"Est. tempo de leitura":"2 minutos"},"schema":{"@context":"https:\/\/schema.org","@graph":[{"@type":"WebSite","@id":"https:\/\/hmg.idis.org.br\/ingles\/#website","url":"https:\/\/hmg.idis.org.br\/ingles\/","name":"IDIS EN","description":"","potentialAction":[{"@type":"SearchAction","target":{"@type":"EntryPoint","urlTemplate":"https:\/\/hmg.idis.org.br\/ingles\/?s={search_term_string}"},"query-input":"required name=search_term_string"}],"inLanguage":"pt-BR"},{"@type":"ImageObject","@id":"https:\/\/hmg.idis.org.br\/ingles\/social-impact-projects\/endowments\/#primaryimage","inLanguage":"pt-BR","url":"https:\/\/hmg.idis.org.br\/ingles\/wp-content\/uploads\/sites\/4\/2021\/11\/P_FOTO-ANDRE-TELLES-7777-BNDES-FUNDO-PATRIMONIAIS-LANC-LIVRO-13-FEV-2020-2048x1011-1.jpg","contentUrl":"https:\/\/hmg.idis.org.br\/ingles\/wp-content\/uploads\/sites\/4\/2021\/11\/P_FOTO-ANDRE-TELLES-7777-BNDES-FUNDO-PATRIMONIAIS-LANC-LIVRO-13-FEV-2020-2048x1011-1.jpg","width":2048,"height":1011},{"@type":"WebPage","@id":"https:\/\/hmg.idis.org.br\/ingles\/social-impact-projects\/endowments\/#webpage","url":"https:\/\/hmg.idis.org.br\/ingles\/social-impact-projects\/endowments\/","name":"Fundos Patrimoniais Filantr\u00f3picos -","isPartOf":{"@id":"https:\/\/hmg.idis.org.br\/ingles\/#website"},"primaryImageOfPage":{"@id":"https:\/\/hmg.idis.org.br\/ingles\/social-impact-projects\/endowments\/#primaryimage"},"datePublished":"2021-03-19T15:30:30+00:00","dateModified":"2021-11-05T10:47:14+00:00","description":"Fundos Patrimoniais Filantr\u00f3picos ou Endownment Funds s\u00e3o criados para receber doa\u00e7\u00f5es destinadas a sustentar causas ou organiza\u00e7\u00f5es espec\u00edficas. Saiba mais!","breadcrumb":{"@id":"https:\/\/hmg.idis.org.br\/ingles\/social-impact-projects\/endowments\/#breadcrumb"},"inLanguage":"pt-BR","potentialAction":[{"@type":"ReadAction","target":["https:\/\/hmg.idis.org.br\/ingles\/social-impact-projects\/endowments\/"]}]},{"@type":"BreadcrumbList","@id":"https:\/\/hmg.idis.org.br\/ingles\/social-impact-projects\/endowments\/#breadcrumb","itemListElement":[{"@type":"ListItem","position":1,"name":"In\u00edcio","item":"https:\/\/hmg.idis.org.br\/ingles\/"},{"@type":"ListItem","position":2,"name":"Social Impact Projects","item":"https:\/\/hmg.idis.org.br\/ingles\/social-impact-projects\/"},{"@type":"ListItem","position":3,"name":"Endowments"}]}]}},"wps_subtitle":"","_links":{"self":[{"href":"https:\/\/hmg.idis.org.br\/ingles\/wp-json\/wp\/v2\/pages\/17663"}],"collection":[{"href":"https:\/\/hmg.idis.org.br\/ingles\/wp-json\/wp\/v2\/pages"}],"about":[{"href":"https:\/\/hmg.idis.org.br\/ingles\/wp-json\/wp\/v2\/types\/page"}],"author":[{"embeddable":true,"href":"https:\/\/hmg.idis.org.br\/ingles\/wp-json\/wp\/v2\/users\/1"}],"replies":[{"embeddable":true,"href":"https:\/\/hmg.idis.org.br\/ingles\/wp-json\/wp\/v2\/comments?post=17663"}],"version-history":[{"count":4,"href":"https:\/\/hmg.idis.org.br\/ingles\/wp-json\/wp\/v2\/pages\/17663\/revisions"}],"predecessor-version":[{"id":21086,"href":"https:\/\/hmg.idis.org.br\/ingles\/wp-json\/wp\/v2\/pages\/17663\/revisions\/21086"}],"up":[{"embeddable":true,"href":"https:\/\/hmg.idis.org.br\/ingles\/wp-json\/wp\/v2\/pages\/16668"}],"wp:featuredmedia":[{"embeddable":true,"href":"https:\/\/hmg.idis.org.br\/ingles\/wp-json\/wp\/v2\/media\/21273"}],"wp:attachment":[{"href":"https:\/\/hmg.idis.org.br\/ingles\/wp-json\/wp\/v2\/media?parent=17663"}],"curies":[{"name":"wp","href":"https:\/\/api.w.org\/{rel}","templated":true}]}}